se 12, what is 4 + -60?
-58
In base 3, what is 120 - 202?
-12
In base 9, what is 3 + 3?
6
In base 15, what is 1 - 270?
-26e
In base 7, what is 3212 - 0?
3212
In base 5, what is 1114 - 31?
1033
In base 6, what is 14 - 1003?
-545
In base 4, what is 23230 - 0?
23230
In base 11, what is -30 + 35?
5
In base 14, what is -38 + 0?
-38
In base 11, what is -a + -3?
-12
In base 4, what is 12 - -123?
201
In base 3, what is -1 + -122?
-200
In base 9, what is -5718 - -5?
-5713
In base 14, what is -16 - -41?
29
In base 15, what is 8 - 1b?
-13
In base 14, what is -359 + 1?
-358
In base 6, what is -25 - 1?
-30
In base 6, what is -303 + 13?
-250
In base 16, what is -5 - -1f2?
1ed
In base 2, what is 0 - 101101?
-101101
In base 2, what is -1111 - -101000?
11001
In base 10, what is -2 - -70?
68
In base 3, what is 112111 + -112?
111222
In base 13, what is 8c - -19?
a8
In base 14, what is 4 + 126?
12a
In base 13, what is -5 - -3b?
36
In base 10, what is -3 + 183?
180
In base 3, what is -1 - 121121?
-121122
In base 12, what is 57 + -67?
-10
In base 7, what is 163 - -5?
201
In base 12, what is 1 + -1a97?
-1a96
In base 2, what is -101 - -1?
-100
In base 13, what is -121 + 0?
-121
In base 12, what is 2 - 70?
-6a
In base 10, what is 3 - -845?
848
In base 7, what is -5 + 124?
116
In base 8, what is 1514 - 3?
1511
In base 15, what is -38 - -1e?
-19
In base 14, what is 19a + -4?
196
In base 3, what is 1 - 1022110?
-1022102
In base 15, what is 0 + -7d6?
-7d6
In base 16, what is 1fa - 3?
1f7
In base 16, what is 34 - -f?
43
In base 3, what is 12 - -1201?
1220
In base 14, what is 348 - -4?
34c
In base 7, what is 655 + 11?
666
In base 14, what is 0 - -152?
152
In base 14, what is c5 - 3?
c2
In base 8, what is -75 + -264?
-361
In base 9, what is 2 + -3411?
-3408
In base 12, what is -108 - 14?
-120
In base 12, what is 9a - 3?
97
In base 8, what is 21 + -110?
-67
In base 12, what is -2 - 29?
-2b
In base 6, what is 142152 + -3?
142145
In base 8, what is 36 - -7?
45
In base 10, what is -1 + -218?
-219
In base 9, what is -3 + -33?
-36
In base 11, what is 1 - 10?
-a
In base 14, what is -a4 - -3?
-a1
In base 9, what is 0 + -44?
-44
In base 10, what is -424 + 57?
-367
In base 3, what is 11 - -10022?
10110
In base 5, what is 24 - 14020?
-13441
In base 15, what is 50 - 5?
4a
In base 14, what is 14 - 22c?
-218
In base 16, what is 147 - 1?
146
In base 13, what is 4 + 141?
145
In base 14, what is 293 - 0?
293
In base 13, what is -1 - 27?
-28
In base 11, what is 0 - -69?
69
In base 11, what is a - -199?
1a8
In base 4, what is 1100212 - 2?
1100210
In base 3, what is 11201 + 1002?
12210
In base 8, what is -1211 + 1?
-1210
In base 8, what is -247 + 4?
-243
In base 11, what is 56 - 0?
56
In base 16, what is 6 - 2c2?
-2bc
In base 9, what is -47 + 4?
-43
In base 5, what is 1 - 13341?
-13340
In base 2, what is -1101 - 1101000001?
-1101001110
In base 10, what is -4 + -1766?
-1770
In base 16, what is 3 - 29?
-26
In base 8, what is -12 - -272?
260
In base 10, what is -5 + 274?
269
In base 4, what is -10 - -22202?
22132
In base 11, what is -4 - -211?
208
In base 16, what is -3 - a2?
-a5
In base 15, what is -3 - b5?
-b8
In base 16, what is 1 + -179?
-178
In base 8, what is 4 + -5?
-1
In base 15, what is -5 + aa?
a5
In base 10, what is 3 + 471?
474
In base 5, what is -42 + 2?
-40
In base 11, what is 5a9 - -7?
605
In base 5, what is -212 + 120?
-42
In base 15, what is -137 - 2?
-139
In base 9, what is -46 + -6?
-53
In base 6, what is 2220 - -11?
2231
In base 9, what is 116 - 12?
104
In base 13, what is 2 - -2a?
2c
In base 16, what is -a8 + -4?
-ac
In base 12, what is -9 + -221?
-22a
In base 12, what is -90a + -5?
-913
In base 8, what is -5 + -771?
-776
In base 8, what is -65 + 5?
-60
In base 15, what is -1a + -a?
-25
In base 12, what is -1 + -478?
-479
In base 8, what is -154 + 3?
-151
In base 7, what is -14 - -1561?
1544
In base 12, what is 1 + 51?
52
In base 2, what is 1010 + 10011011010?
10011100100
In base 9, what is -144 + 4?
-140
In base 3, what is -1002012 - 120?
-1002202
In base 11, what is 5 - 2813?
-2809
In base 13, what is -1690 - 4?
-1694
In base 3, what is 10000 + -20?
2210
In base 8, what is -3 + 222?
217
In base 12, what is -7 + 502?
4b7
In base 2, what is 11111000100 - -100?
11111001000
In base 3, what is -200 + 12110?
11210
In base 5, what is 4034 - 2?
4032
In base 15, what is -aa7 - 4?
-aab
In base 10, what is 1 - 0?
1
In base 4, what is 3011 - 3?
3002
In base 4, what is -3 + 1330?
1321
In base 6, what is -12343 - 23?
-12410
In base 12, what is -813 - -4?
-80b
In base 2, what is -101 + 1000?
11
In base 5, what is 1 - 200?
-144
In base 8, what is -11 - -31?
20
In base 15, what is -2c + -3?
-30
In base 16, what is -32 - 4?
-36
In base 8, what is 41 + -55?
-14
In base 2, what is 10 - -1101101000?
1101101010
In base 9, what is 104 + -22?
72
In base 7, what is -1 - -1366?
1365
In base 2, what is 110 + -10000100?
-1111110
In base 12, what is -3 - -2?
-1
In base 4, what is -101001 + 1?
-101000
In base 3, what is -10012 - 12?
-10101
In base 9, what is -44 + 110?
55
In base 15, what is -86 + b?
-7a
In base 2, what is 10110100011 - -101?
10110101000
In base 7, what is 3 - -23?
26
In base 7, what is 5 - 2541?
-2533
In base 10, what is -38 + -334?
-372
In base 2, what is 110010 + -10110?
11100
In base 14, what is -2 + -34?
-36
In base 14, what is 13 + 142?
155
In base 7, what is 4 + 3160?
3164
In base 11, what is -3 + -28?
-30
In base 11, what is 6a9 + -2?
6a7
In base 3, what is 12102 - 12?
12020
In base 2, what is -101111 + -100010010?
-101000001
In base 5, what is -3 + -112?
-120
In base 11, what is 70 + -5?
66
In base 7, what is 1 - 1152?
-1151
In base 14, what is -5 + 212?
20b
In base 12, what is -3 - 3?
-6
In base 14, what is 5 - -399?
3a0
In base 12, what is 9a - 1?
99
In base 15, what is -2 - -ab?
a9
In base 5, what is 303 + 31?
334
In base 15, what is -1 - 2c?
-2d
In base 3, what is 11 - 11122?
-11111
In base 8, what is 3 - 554?
-551
In base 11, what is -1226 + -a?
-1235
In base 7, what is 304 + -11?
263
In base 2, what is 0 + -10010001010?
-10010001010
In base 5, what is -13231 - 2?
-13233
In base 8, what is 2 - -1270?
1272
In base 9, what is 4 - -254?
258
In base 13, what is -122 - -18?
-107
In base 4, what is -200 - 31?
-231
In base 2, what is 100001110110 - 110?
100001110000
In base 3, what is 12 + 2000?
2012
In base 11, what is 4 - -2754?
2758
In base 7, what is 42 - 2?
40
In base 10, what is -2578 - 5?
-2583
In base 12, what is 3 + -1650?
-1649
In base 2, what is 11001101 + 1?
11001110
In base 13, what is -6 + 47?
41
In base 16, what is 0 - 6d?
-6d
In base 10, what is -5929 - 3?
-5932
In base 2, what is 0 - 11001010001?
-11001010001
In base 9, what is 1336 + -6?
1330
In base 8, what is -5 - 43?
-50
In base 9, what is 18 - 25?
-6
In base 3, what is 202221 + -11?
202210
In base 10, what is -2379 + 5?
-2374
In base 11, what is 13a2 + 7?
13a9
In base 2, what is 100111001 - -100000?
101011001
In base 5, what is 3 + -312?
-304
In base 3, what is -11 - -201201?
201120
In base 6, what is 1335 + -2?
1333
In base 4, what is 3222 + -11?
3211
In base 2, what is -1110 - 100?
-10010
In base 7, what is -6 + -40?
-46
In base 13, what is 1 - 334?
-333
In base 4, what is -3222 + 11?
-3211
In base 2, what is 1001101 + -1?
1001100
In base 12, what is 7a - 4?
76
In base 16, what is -1 - 4e8?
-4e9
In base 12, what is 106 + 2?
108
In base 15, what is -a + 7?
-3
In base 10, what is 3 - -366?
369
In base 14, what is -3 - -11?
c
In base 16, what is -19 + 14a?
131
In base 12, what is -ab25 + -1?
-ab26
In base 6, what is 115 + -23?
52
In base 15, what is 104 - -4?
108
In base 5, what is 123 - 232?
-104
In base 14, what is a56 + 3?
a59
In base 11, what is -a37 - -2?
-a35
In base 12, what is 3a5 + 5?
3aa
In base 12, what is -19 + 21?
4
In base 14, what is -9 + 19d?
194
In base 4, what is -2133 - -102?
-2031
In base 15, what is -4 + -1ad?
-1b2
In base 3, what is 21201 - 110?
21021
In base 2, what is 100 - 1101111?
-1101011
In base 3, what is 20210 - 201?
20002
In base 4, what is 1 + 23132?
23133
In base 2, what is 11101 - -10111?
110100
In base 6, what is 4 + 304?
312
In base 3, what is 110 - 1112112?
-1112002
In base 16, what is 971 - 3?
96e
In base 11, what is 0 + 58?
58
In base 8, what is -1 - -67?
66
In base 